{"id":63,"date":"2020-06-20T15:28:47","date_gmt":"2020-06-20T15:28:47","guid":{"rendered":"https:\/\/jasmijnswijzeles.nl\/?page_id=63"},"modified":"2020-06-20T15:28:50","modified_gmt":"2020-06-20T15:28:50","slug":"aanval","status":"publish","type":"page","link":"https:\/\/jasmijnswijzeles.nl\/?page_id=63","title":{"rendered":"aanval"},"content":{"rendered":"\n  \n    <section class=\"u-clearfix u-gradient u-section-1\" id=\"sec-d4a4\">\n      <div class=\"u-clearfix u-sheet u-sheet-1\">\n        <h1 class=\"u-custom-font u-text u-text-body-alt-color u-text-font u-title u-text-1\">Wat gebeurt er tijdens een aanval?<\/h1>\n        <div class=\"u-clearfix u-gutter-10 u-layout-wrap u-layout-wrap-1\">\n          <div class=\"u-layout\">\n            <div class=\"u-layout-col\">\n              <div class=\"u-size-30\">\n                <div class=\"u-layout-row\">\n                  <div class=\"u-container-style u-image u-layout-cell u-left-cell u-size-26 u-image-1\" src=\"\" data-image-width=\"350\" data-image-height=\"335\">\n                    <div class=\"u-container-layout u-container-layout-1\"><\/div>\n                  <\/div>\n                  <div class=\"u-align-left u-container-style u-layout-cell u-right-cell u-size-34 u-layout-cell-2\">\n                    <div class=\"u-container-layout u-valign-top u-container-layout-2\">\n                      <p class=\"u-text u-text-body-alt-color u-text-2\">Alles wat we doen, denken, voelen en waarnemen gebeurt in onze hersenen.&nbsp;<br>In de hersenen bevinden zich een paar miljard grijze cellen. Deze cellen hebben zich georganiseerd in allerlei netwerken. Elk netwerk heeft zijn eigen taak. Zo is er een netwerk dat zich bezighoudt met het bewegen van de hand, een netwerk voor het zien en een voor taal, enzovoort. De cellen in de netwerken wisselen voortdurend boodschappen uit door middel van elektrische pulsjes.\n                      <\/p>\n                    <\/div>\n                  <\/div>\n                <\/div>\n              <\/div>\n              <div class=\"u-size-30\">\n                <div class=\"u-layout-row\">\n                  <div class=\"u-align-left u-container-style u-layout-cell u-left-cell u-size-30 u-layout-cell-3\">\n                    <div class=\"u-container-layout u-container-layout-3\">\n                      <p class=\"u-text u-text-body-alt-color u-text-3\">Bij\nepilepsie ontstaat er kortsluiting in een of meer van de netwerken. De\nverschijnselen bij een aanval hangen af van welke netwerken meedoen en kunnen\nper type aanval verschillen. Iemand kan vallen, schokken, vreemde bewegingen\nmaken, iets vreemds ruiken, even afwezig zijn of buiten bewustzijn raken.<\/p>\n                    <\/div>\n                  <\/div>\n                  <div class=\"u-container-style u-image u-layout-cell u-right-cell u-size-30 u-image-2\" src=\"\">\n                    <div class=\"u-container-layout u-valign-middle u-container-layout-4\"><\/div>\n                  <\/div>\n                <\/div>\n              <\/div>\n            <\/div>\n          <\/div>\n        <\/div>\n        <p class=\"u-text u-text-body-alt-color u-text-default u-text-4\">De symptomen van een epilepsieaanval kunnen zijn: onwillekeurige\nlichamelijke bewegingen en een daling (ook verlies) van het bewustzijn. Dat laatste gebeurt er ook bij mij. Ik ben even niet meer aanwezig.&nbsp;<br>Voorafgaand aan de aanval kan de pati\u00ebnt via de zintuigen vreemde gewaarwordingen krijgen,\nzoals het zien van lichtflitsen of het ruiken van geuren \u2013 dit heet een aura.&nbsp;<br>Een epilepsieaanval valt niet altijd op, soms is iemand alleen maar even\n\u2018afwezig\u2019, zoals ik. Ruwweg heeft eenderde van de pati\u00ebnten minder dan \u00e9\u00e9n aanval per\njaar, eenderde heeft \u00e9\u00e9n aanval per maand en eenderde meer dan \u00e9\u00e9n aanval per\nmaand.&nbsp;<br>\n          <br>Ik heb deze aanvallen vooral op school. En dan soms meerdere per dag.\n        <\/p>\n      <\/div>\n    <\/section>\n    \n    \n    \n    \n  \n","protected":false},"excerpt":{"rendered":"<p>Wat gebeurt er tijdens een aanval? Alles wat we doen, denken, voelen en waarnemen gebeurt in onze hersenen.&nbsp;In de hersenen bevinden zich een paar miljard grijze cellen. Deze cellen hebben zich georganiseerd in allerlei netwerken. Elk netwerk heeft zijn eigen taak. Zo is er een netwerk dat zich bezighoudt met het bewegen van de hand, &hellip; <a href=\"https:\/\/jasmijnswijzeles.nl\/?page_id=63\" class=\"more-link\">Continue reading<span class=\"screen-reader-text\"> &#8220;aanval&#8221;<\/span><\/a><\/p>\n","protected":false},"author":1,"featured_media":0,"parent":0,"menu_order":9,"comment_status":"closed","ping_status":"closed","template":"","meta":[],"_links":{"self":[{"href":"https:\/\/jasmijnswijzeles.nl\/index.php?rest_route=\/wp\/v2\/pages\/63"}],"collection":[{"href":"https:\/\/jasmijnswijzeles.nl\/index.php?rest_route=\/wp\/v2\/pages"}],"about":[{"href":"https:\/\/jasmijnswijzeles.nl\/index.php?rest_route=\/wp\/v2\/types\/page"}],"author":[{"embeddable":true,"href":"https:\/\/jasmijnswijzeles.nl\/index.php?rest_route=\/wp\/v2\/users\/1"}],"replies":[{"embeddable":true,"href":"https:\/\/jasmijnswijzeles.nl\/index.php?rest_route=%2Fwp%2Fv2%2Fcomments&post=63"}],"version-history":[{"count":1,"href":"https:\/\/jasmijnswijzeles.nl\/index.php?rest_route=\/wp\/v2\/pages\/63\/revisions"}],"predecessor-version":[{"id":73,"href":"https:\/\/jasmijnswijzeles.nl\/index.php?rest_route=\/wp\/v2\/pages\/63\/revisions\/73"}],"wp:attachment":[{"href":"https:\/\/jasmijnswijzeles.nl\/index.php?rest_route=%2Fwp%2Fv2%2Fmedia&parent=63"}],"curies":[{"name":"wp","href":"https:\/\/api.w.org\/{rel}","templated":true}]}}